
Suppose 4*a = -5*i + 4, -2 = -0*i - 3*i - 2*a. Suppose i = 2*s - 0*s - 3*t - 143, 257 = 3*s + 4*t. What are the prime factors of s?
79
Suppose -3*x = 39*t - 35*t - 230, 5*x + 5*t = 390. What are the prime factors of x?
2, 41
Suppose 4*o - 24 = -5*v - 68, v - o + 16 = 0. Let z = v - -15. Suppose -z*d = -109 - 11. What are the prime factors of d?
2, 5
What are the prime factors of 8785/3 - (-20)/30?
29, 101
Suppose -3510 = -3*y - 5*n, -2*n + 0*n = -2*y + 2324. List the prime factors of y.
5, 233
What are the prime factors of -4 - (-9 + 7) - -1323?
1321
Let o(p) = 14*p**2 - 3*p - 21. What are the prime factors of o(8)?
23, 37
Let g be (28/21)/((-2)/(-36)). Let t(y) = 7*y + 3. Let c be t(7). Let z = c - g. List the prime factors of z.
2, 7
Suppose 0 = 2*o - 4, -4*l = 2*o - 7*o - 10. Suppose 4*a = 3*a + l*t + 22, 5 = -5*t. What are the prime factors of a?
17
Let z = -455 - -1241. What are the prime factors of (-1)/(-5)*(z + -1)?
157
Suppose 0 = 4*i - q - 298, 5*q = -5*i + 273 + 87. Suppose 0 = 4*j - 4*n - 40, -4*j - 5*n + i = -11. What are the prime factors of j?
3, 5
Suppose t = -4*t - 20. Let p(s) = 20*s + 9. Let l(y) = -21*y - 8. Let a(b) = -5*l(b) - 6*p(b). What are the prime factors of a(t)?
2, 23
Suppose -5*c + 9872 = -3*j, -3*c + 4*j + 3031 = -2890. List the prime factors of c.
5, 79
Let f(m) = -3*m**3 + 14*m**2 + 15*m + 19. Let q(t) = -t**3 + t. Let i(d) = -f(d) + 5*q(d). List the prime factors of i(-7).
3, 17
Let x(r) be the first derivative of r**2 + 39*r - 1. What are the prime factors of x(12)?
3, 7
Let n = -1479 + 2221. List the prime factors of n.
2, 7, 53
Let z be (1 + (1 - 3))/(-1). Suppose 0 = -0*q - q - i + z, -5*q - 2*i + 2 = 0. Suppose -4*t + q*t + 24 = 0. What are the prime factors of t?
2, 3
Suppose 4*k - 2*n - 1199 = -3*n, 2*n = 3*k - 902. List the prime factors of k.
2, 3, 5
Let y be ((-7)/(-14))/((-1)/(-14)). What are the prime factors of (8*y)/(21 + -20)?
2, 7
Let g = -6 - -7. Let q be (2 - g)*198/(-9). What are the prime factors of 1/(-2) + (-143)/q?
2, 3
Let t be 2 + 3 - (-1 + 1). Let j be (3 - (-5)/(-2)) + 9/6. Suppose -5*a + h = -133, 37 = j*a - a + t*h. List the prime factors of a.
3
Let n(a) = 15*a - 55. Let f be n(4). Suppose -4 = 4*s + 92. Let u = f - s. What are the prime factors of u?
29
Let k = 55 + -55. What are the prime factors of 117 + -5 + k/3?
2, 7
Let u(d) = -d**2 + 15*d + 37. Let i be u(17). Suppose 0*l - 5*w - 188 = -2*l, i*l - 316 = -w. What are the prime factors of l?
2, 13
What are the prime factors of (-2)/10 - (-47292)/60?
2, 197
What are the prime factors of (-9)/21 - (-2496)/42?
59
What are the prime factors of -2 - (3 + 4365/(-9))?
2, 3, 5
Let h = -42 - -31. List the prime factors of ((-6)/4)/(h/418).
3, 19
What are the prime factors of (-16395)/(-27) - 8/36?
607
Suppose 9*t - 150 = 7*t. Let i be 5/(t/9)*5. Suppose b = i*b - 82. What are the prime factors of b?
41
Let t(z) = 9*z - 2. Let c(r) = -17*r + 4. Let g(h) = 6*c(h) + 13*t(h). List the prime factors of g(5).
73
Let m(g) = 33*g - 2. Let k(d) = 2*d + 9. Let q be k(-5). Let c be m(q). List the prime factors of 1*-7*150/c.
2, 3, 5
Suppose -4*x = 30 - 6. Let f = 8 + x. Suppose -5*l + f = 3*y - 90, 88 = 4*y - 2*l. What are the prime factors of y?
2, 3
Let l be (-13)/((-20)/(-8) - 2). Let w = -33 - l. Let i(c) = c + 10. List the prime factors of i(w).
3
Suppose -3273 = -t + 5*g, 0*t + 2*t = g + 6537. What are the prime factors of t?
2, 19, 43
Let w(u) = 6*u + 42. Let r be w(-7). Let z(f) = -4*f + 87. What are the prime factors of z(r)?
3, 29
Let s(r) = r**3 + 10*r**2 + r + 4. Let v = 0 - -2. Let d be -9*(-4 + v + 3). List the prime factors of s(d).
2, 19
Suppose 47897 = 28*d - 67435. What are the prime factors of d?
3, 1373
Let o(j) = j**3 + 19*j**2 + 15*j - 13. What are the prime factors of o(-15)?
2, 331
Let w = -68 + 117. Let t = w - 22. What are the prime factors of t?
3
Suppose -434 = -5*s - 4*r, -2*s - 4*r = s - 262. Suppose 2*b - s - 26 = 0. Let o = b - 25. List the prime factors of o.
31
Let c(m) = m**2 + 2*m - 9. Let r be c(-6). Suppose -2*l = 2*u - 6*l - 10, 3*u - 3*l = r. Suppose -28 + 3 = -u*j. List the prime factors of j.
5
Let g(f) = -3*f**3 + f**2 + f. Let r be g(-1). Let v be (-3)/((-9)/(-186)) - r. Let c = -39 - v. List the prime factors of c.
2, 13
Let g(x) = -x**2 - 6*x + 5. Let l(k) = -7*k + 5. Let y(a) = -4*g(a) + 3*l(a). List the prime factors of y(-6).
11
Let f(m) = 83*m - 625. List the prime factors of f(9).
2, 61
Let j(a) = 32*a**2 - 4*a - 1. Let l be j(2). Suppose 5*p - 91 = l. List the prime factors of p.
2, 3, 7
Suppose 0 = -18*c + 4056 + 3324. What are the prime factors of c?
2, 5, 41
Suppose -7*j = -8*j + 227. List the prime factors of j.
227
Suppose 5 - 55 = 2*f. Suppose t + 47 = b, 2*t + 2*b = -53 - 41. Let z = f - t. List the prime factors of z.
2, 11
Suppose -4*g = -4*n - 7452, 0 = -2*g + 4*g - n - 3726. What are the prime factors of g?
3, 23
Let g(i) = 6*i**2 + 3*i - 2. Let y be g(1). Suppose -y*v + 286 = -323. What are the prime factors of v?
3, 29
Let d(g) = -5*g + 560. What are the prime factors of d(58)?
2, 3, 5
Suppose 3*x = 2*c + 27, 0 = -2*x + 2*c - c + 17. Let o be 2*35/10*(-172)/(-28). Let p = o - x. What are the prime factors of p?
2, 3
Let g be ((-24)/9)/(2 - 21/9). Suppose 6*y - g*y + 198 = 0. What are the prime factors of y?
3, 11
Let i = 152 + -153. What are the prime factors of (4 + -1)/(16/12 + i)?
3
Let r(d) = d**3 + 7*d**2 + 5*d - 3. Let o be r(-6). Let l = o + 71. Suppose 0 = -3*y - 5*k + 75, 4*y - k = k + l. List the prime factors of y.
2, 5
Let v = -256 - -674. What are the prime factors of v?
2, 11, 19
List the prime factors of 88154/264 - (-2)/24.
2, 167
Suppose 0 = -2*c + 4*c - v - 2, -4*c + 4*v = 0. Let y = -5 - -8. Suppose c*r = -y*m + 39, -m + 2*r + 0*r = -13. What are the prime factors of m?
13
List the prime factors of 1287 - -15 - (-1 - 1)*-3.
2, 3
Suppose 2*l - 5*m = -4, 0*l - 4*m + 8 = -2*l. Let t = l - -39. List the prime factors of t.
3
Suppose -97 - 83 = -5*q. Suppose -i = 2*i - q. List the prime factors of (-1452)/(-72) - 2/i.
2, 5
Let y(d) = -2*d. Let c be y(-2). Suppose 145 = o + c*o. Suppose -o - 26 = -5*h. What are the prime factors of h?
11
Let a(s) = s**2 + 14*s + 22. Let f be a(-10). List the prime factors of 89 + f/(-30) + 4/10.
2, 3, 5
Let b = 828 - 333. List the prime factors of b.
3, 5, 11
Suppose -8*u = -7*u + 145. Let a = 345 + u. What are the prime factors of a?
2, 5
Suppose -6765 = -3*p - 12*p. List the prime factors of p.
11, 41
Suppose 4*z - 5*i = -108, 4*z - 4*i + i = -100. Let g = z - -33. What are the prime factors of g?
11
Suppose h + 4*q = 447, 20*q - 25*q = 4*h - 1744. What are the prime factors of h?
431
What are the prime factors of 1333 + (-44)/((-121)/11)?
7, 191
Suppose 0 = -w - 9 + 23. Let t be (w + -17)/(3/(-34)). Suppose t + 44 = 3*y. List the prime factors of y.
2, 13
Let p = -19 + 26. Let w(h) = -h**2 + 6*h + 10. Let q be w(p). Suppose 93 = 5*o - 2*n, 3*o = q*n + 2*n + 52. List the prime factors of o.
19
Suppose 18*l + 1444 = 22*l. What are the prime factors of l?
19
Let u(z) be the third derivative of 29*z**4/12 + 11*z**3/6 - 20*z**2. What are the prime factors of u(3)?
5, 37
Let s = 12 - 4. Suppose 19*l - s = 15*l. Suppose -17 = l*z - 3*z. What are the prime factors of z?
17
Suppose 5*i + p - 17 = -p, 0 = 5*i + 5*p - 20. Suppose l + 3*u = -i*l + 93, l + 5*u - 2 = 0. What are the prime factors of l?
3
Let a be (-5)/(-20) - 1/4. Suppose a*v = v - 38. What are the prime factors of v?
2, 19
What are the prime factors of -15*(-11)/(110/1212)?
2, 3, 101
Let i = -13 - -101. Suppose 5*a - i = 77. What are the prime factors of a?
3, 11
Suppose u = -4*u + 15. Let g = u - 1. Suppose 6*w - 64 = g*w. What are the prime factors of w?
2
Let n = 1061 + 1182. List the prime factors of n.
2243
Let w(p) = p - 21. Let j be w(11). Suppose 0 = -4*a + 3*a - 12. List the prime factors of (a - j)*(-26)/4.
13
Suppose -l = -y - 2702, 0 = 5*l + 5*y + 4547 - 18017. List the prime factors of l.
2, 19, 71
Suppose -8 = h - 2*p - 0, -5*h + p - 4 = 0. Suppose -2*a - a + 9 = h. Suppose 0*k + 2 = 2*k, z = a*k + 11. List the prime factors of z.
2, 7
Let a = 26 - 19. Let r(q) = -q**3 + 10*q**2 - 3*q - 1. Let m be r(a). Let w = -71 + m. List the prime factors of w.
2, 3
Wha